{"id":69,"date":"2026-05-04T14:18:41","date_gmt":"2026-05-04T12:18:41","guid":{"rendered":"https:\/\/jobs.dialyse-rendsburg.de\/?page_id=69"},"modified":"2026-05-11T15:08:48","modified_gmt":"2026-05-11T13:08:48","slug":"medizinische-fachangestellte-mfa","status":"publish","type":"page","link":"https:\/\/jobs.dialyse-rendsburg.de\/?page_id=69","title":{"rendered":"Medizinische Fachangestellte (MFA)"},"content":{"rendered":"\t\t<div data-elementor-type=\"wp-page\" data-elementor-id=\"69\" class=\"elementor elementor-69\" data-elementor-post-type=\"page\">\n\t\t\t\t<div class=\"elementor-element elementor-element-a928d1e e-flex e-con-boxed e-con e-parent\" data-id=\"a928d1e\" data-element_type=\"container\" data-e-type=\"container\">\n\t\t\t\t\t<div class=\"e-con-inner\">\n\t\t\t\t<div class=\"elementor-element elementor-element-9f73809 elementor-widget elementor-widget-heading\" data-id=\"9f73809\" data-element_type=\"widget\" data-e-type=\"widget\" data-widget_type=\"heading.default\">\n\t\t\t\t\t<h2 class=\"elementor-heading-title elementor-size-default\">Medizinische Fachangestellte (m,w,d), Gesundheits- und Krankenpfleger\/-in,  oder Pflegehelfer\/-in f\u00fcr die Betreuung unserer Dialyse-Patienten<\/h2>\t\t\t\t<\/div>\n\t\t\t\t<div class=\"elementor-element elementor-element-f453190 elementor-widget elementor-widget-text-editor\" data-id=\"f453190\" data-element_type=\"widget\" data-e-type=\"widget\" data-widget_type=\"text-editor.default\">\n\t\t\t\t\t\t\t\t\t<p>Erfahrung in der Dialyse ist von Vorteil, jedoch keine Voraussetzung. Wir bieten Ihnen eine umfassende Einarbeitung.<br \/>Das Stellenangebot ist in Teil- oder Vollzeit, je nach Absprache, zu besetzen.<\/p><p>Da sich der Arbeitseinsatz auf alle Standorte erstreckt, sind F\u00fchrerschein und eigener PKW zum Erreichen der Arbeitsorte von Vorteil.<\/p><p>Ihre Aufgabe ist die Betreuung von Patienten, die wegen eines Nierenversagens auf regelm\u00e4\u00dfige Dialysebehandlungen angewiesen sind.<br \/>Es handelt sich um eine abwechslungsreiche und verantwortungsvolle T\u00e4tigkeit.<\/p><p><strong>Zu Ihren Aufgaben geh\u00f6ren:<\/strong><\/p><ul><li>Selbstst\u00e4ndiges An- und Abschlie\u00dfen der Patienten an die Dialyse nach \u00e4rztlichem Behandlungsplan<\/li><li>Betreuung und \u00dcberwachung von ambulaten, teilstation\u00e4ren und station\u00e4ren Patient\/innen w\u00e4hrend und nach der Dialyse<\/li><li>Visitenbegleitung<\/li><li>Dokumentation der durchgef\u00fchrten Dialysen in die Arztsoftware<\/li><\/ul><p><strong><br \/>Wir bieten:<\/strong><\/p><ul><li>Arbeitsmodell in Teilzeit \/ Vollzeit<\/li><li>Intensive Einarbeitung mit pers\u00f6nlicher Patin<\/li><li>Kollegialit\u00e4t und eine gute Zusammenarbeit im Team<\/li><li>Monatsgehalt &amp; Urlaubsgeld<\/li><li>Zuschl\u00e4ge f\u00fcr Feiertags-\u00dcberstunden<\/li><li>Eine betriebliche Altersvorsorge<\/li><li>Fort- und Weiterbildungsm\u00f6glichkeiten, z.B.<\/li><li>Fachweiterbildung Nephrologie, MFA an der Dialyse<\/li><li>Kein Nachtdienst\/sonntags frei<\/li><li>Arbeitszeitw\u00fcnsche werden ber\u00fccksichtigt<\/li><li>Dienstkleidung wird gestellt<\/li><li>Sozialraum, inkl. gratis Fr\u00fchst\u00fcck<\/li><\/ul><p><strong><br \/>Haben wir Ihr Interesse geweckt?<\/strong><\/p><p>Dann freuen wir uns auf Ihre aussagekr\u00e4ftigen Bewerbungsunterlagen.<br \/>Bitte \u00fcbersenden Sie Ihre vollst\u00e4ndigen Bewerbungsunterlagen an das<\/p><p><strong>Nephrologisches Zentrum Rendsburg-Eckernf\u00f6rde<\/strong><br \/>Standort Rendsburg<br \/>Frau Rosinke<br \/>Wrangelstr. 6<br \/>24768 Rendsburg\u00a0<\/p><p>oder per E-Mail an info@dialyse-rendsburg.de<\/p><div class=\"elementor-element elementor-element-9036b81 elementor-widget elementor-widget-text-editor\" data-id=\"9036b81\" data-element_type=\"widget\" data-widget_type=\"text-editor.default\"><div class=\"elementor-widget-container\"><p>Das famili\u00e4re Team des Nephrologischen Zentrums Rendsburg-Eckernf\u00f6rde sucht f\u00fcr die <strong>Standorte Rendsburg <\/strong>und\u00a0<strong>Eckernf\u00f6rde\u00a0<\/strong>ab sofort.<\/p><\/div><\/div>\t\t\t\t\t\t\t\t<\/div>\n\t\t\t\t\t<\/div>\n\t\t\t\t<\/div>\n\t\t\t\t<\/div>\n\t\t","protected":false},"excerpt":{"rendered":"<p>Medizinische Fachangestellte (m,w,d), Gesundheits- und Krankenpfleger\/-in, oder Pflegehelfer\/-in f\u00fcr die Betreuung unserer Dialyse-Patienten Erfahrung in der Dialyse ist von Vorteil, jedoch keine Voraussetzung. Wir bieten Ihnen eine umfassende Einarbeitung.Das Stellenangebot ist in Teil- oder Vollzeit, je nach Absprache, zu besetzen. Da sich der Arbeitseinsatz auf alle Standorte erstreckt, sind F\u00fchrerschein und eigener PKW zum Erreichen [&hellip;]<\/p>\n","protected":false},"author":1,"featured_media":0,"parent":0,"menu_order":0,"comment_status":"closed","ping_status":"closed","template":"","meta":{"footnotes":""},"class_list":["post-69","page","type-page","status-publish","hentry"],"_links":{"self":[{"href":"https:\/\/jobs.dialyse-rendsburg.de\/index.php?rest_route=\/wp\/v2\/pages\/69","targetHints":{"allow":["GET"]}}],"collection":[{"href":"https:\/\/jobs.dialyse-rendsburg.de\/index.php?rest_route=\/wp\/v2\/pages"}],"about":[{"href":"https:\/\/jobs.dialyse-rendsburg.de\/index.php?rest_route=\/wp\/v2\/types\/page"}],"author":[{"embeddable":true,"href":"https:\/\/jobs.dialyse-rendsburg.de\/index.php?rest_route=\/wp\/v2\/users\/1"}],"replies":[{"embeddable":true,"href":"https:\/\/jobs.dialyse-rendsburg.de\/index.php?rest_route=%2Fwp%2Fv2%2Fcomments&post=69"}],"version-history":[{"count":47,"href":"https:\/\/jobs.dialyse-rendsburg.de\/index.php?rest_route=\/wp\/v2\/pages\/69\/revisions"}],"predecessor-version":[{"id":461,"href":"https:\/\/jobs.dialyse-rendsburg.de\/index.php?rest_route=\/wp\/v2\/pages\/69\/revisions\/461"}],"wp:attachment":[{"href":"https:\/\/jobs.dialyse-rendsburg.de\/index.php?rest_route=%2Fwp%2Fv2%2Fmedia&parent=69"}],"curies":[{"name":"wp","href":"https:\/\/api.w.org\/{rel}","templated":true}]}}